e highest common factor of 143 and 2545499?
11
Calculate the highest common divisor of 451071 and 99.
9
Calculate the greatest common divisor of 436 and 3529093.
109
Calculate the greatest common factor of 12948 and 224160.
12
Calculate the highest common divisor of 736 and 18623200.
32
What is the highest common factor of 438506992 and 33088?
8272
Calculate the greatest common divisor of 4230387 and 105.
21
What is the highest common divisor of 29672300 and 26068?
532
Calculate the greatest common factor of 6418767 and 62.
31
What is the greatest common factor of 726253789 and 8299?
8299
What is the greatest common factor of 240 and 6169890?
30
What is the highest common divisor of 785184 and 6432?
96
What is the greatest common factor of 44 and 2601916262?
22
Calculate the greatest common divisor of 2334408 and 109756.
92
What is the greatest common factor of 9963 and 21835575?
3321
Calculate the highest common divisor of 41336281 and 21.
7
Calculate the greatest common factor of 3582132 and 4302.
1434
What is the highest common divisor of 49555042 and 4?
2
What is the highest common factor of 64464 and 79158?
474
Calculate the greatest common divisor of 2457356 and 1144.
44
Calculate the greatest common divisor of 2797392 and 472992.
624
Calculate the highest common factor of 1915740 and 111360.
1740
What is the greatest common divisor of 689 and 5837728?
13
Calculate the greatest common factor of 4353688 and 152488.
3112
Calculate the highest common factor of 1193619 and 989541.
2373
Calculate the greatest common factor of 28082 and 2129798.
1478
Calculate the greatest common divisor of 2184948077 and 13.
13
Calculate the greatest common factor of 1299098 and 34114.
922
Calculate the highest common divisor of 639872060 and 60.
20
Calculate the greatest common divisor of 392 and 97738634.
98
Calculate the greatest common divisor of 5854 and 23219891.
2927
What is the greatest common factor of 666 and 3152104?
74
What is the highest common divisor of 103690488 and 60?
12
Calculate the highest common divisor of 12812979 and 917.
131
Calculate the greatest common factor of 174972980 and 910.
910
What is the highest common divisor of 54 and 4556292?
6
Calculate the highest common divisor of 952831 and 3487635.
4559
What is the greatest common factor of 204299802 and 19495?
3899
What is the highest common divisor of 23448958 and 124?
62
Calculate the greatest common factor of 8037 and 69084.
171
Calculate the greatest common factor of 331462 and 10388.
106
Calculate the greatest common factor of 22754 and 224657.
31
What is the greatest common factor of 26949 and 108927?
39
Calculate the highest common divisor of 1793046258 and 1017.
1017
What is the greatest common factor of 131230 and 165?
55
What is the greatest common divisor of 54292 and 3608654?
98
Calculate the greatest common factor of 638946 and 18081342.
8298
What is the greatest common divisor of 9350 and 139128?
374
What is the highest common factor of 110440 and 2127752?
88
Calculate the highest common factor of 107919 and 295623.
27
Calculate the greatest common factor of 301 and 1698027.
43
Calculate the greatest common factor of 1320 and 15549490.
110
What is the highest common divisor of 196 and 16973992?
196
Calculate the greatest common factor of 449415 and 127170.
135
Calculate the highest common factor of 37375 and 35675.
25
What is the highest common factor of 2881 and 197?
1
Calculate the highest common factor of 43646746 and 24176.
3022
What is the highest common factor of 770553 and 8456?
1057
What is the greatest common divisor of 29796178 and 1242?
46
Calculate the highest common divisor of 486101700 and 5580.
5580
Calculate the greatest common factor of 374 and 39512.
22
What is the highest common factor of 18 and 122514978?
6
Calculate the greatest common factor of 4092 and 57420.
132
Calculate the highest common factor of 1055360 and 6052.
68
Calculate the highest common factor of 68 and 14322415.
17
What is the greatest common divisor of 954592 and 1424?
16
What is the highest common divisor of 478640 and 162378?
62
What is the greatest common divisor of 29005449 and 99?
33
What is the highest common divisor of 384 and 925127040?
384
Calculate the greatest common factor of 23238236 and 8687.
511
What is the highest common divisor of 108056 and 7872?
8
What is the highest common divisor of 676877289 and 1342?
671
Calculate the greatest common divisor of 90050 and 213100.
50
Calculate the greatest common factor of 514959 and 720.
3
Calculate the highest common factor of 329 and 247168065.
47
What is the greatest common divisor of 230953 and 4846487?
1763
What is the greatest common divisor of 10 and 147144385?
5
What is the greatest common factor of 11484 and 159616?
116
What is the greatest common factor of 582552 and 3931416?
648
What is the highest common factor of 3253173 and 99?
33
Calculate the highest common factor of 4812361 and 5584.
349
Calculate the greatest common factor of 125391 and 783054.
2559
What is the highest common divisor of 12345 and 47680505?
4115
What is the highest common factor of 1106376 and 888?
24
Calculate the highest common divisor of 597546 and 153.
9
Calculate the highest common divisor of 216 and 70149288.
24
What is the greatest common divisor of 510 and 36160190?
170
What is the greatest common factor of 1643747 and 1309?
119
What is the greatest common divisor of 483 and 3733383?
69
Calculate the greatest common factor of 242280 and 5004.
36
What is the greatest common divisor of 329 and 5653771?
47
What is the greatest common factor of 113806 and 670516?
154
Calculate the highest common divisor of 4555856 and 232.
8
What is the highest common factor of 5208 and 6895224?
168
What is the greatest common factor of 45 and 7106790?
15
What is the highest common divisor of 11344 and 824?
8
What is the highest common factor of 66040635 and 1270?
635
Calculate the greatest common divisor of 38812704 and 7104.
3552
Calculate the greatest common factor of 76 and 9344827.
19
Calculate the highest common factor of 78 and 393302.
26
Calculate the highest common divisor of 781 and 117418664.
781
What is the highest common factor of 34092 and 4731212?
3788
What is the greatest common divisor of 850 and 7210950?
50
What is the highest common factor of 142 and 1138769?
71
Calculate the greatest common factor of 1105 and 1218061.
13
Calculate the highest common factor of 7482 and 2285142.
174
What is the highest common divisor of 47818928 and 752?
752
Calculate the greatest common factor of 3353039 and 3437.
491
What is the highest common factor of 116761916 and 748?
68
What is the highest common divisor of 1446195 and 255?
15
Calculate the greatest common divisor of 32495792 and 336.
112
What is the greatest common factor of 132848805 and 345?
345
Calculate the greatest common divisor of 97400 and 88575.
25
What is the greatest common factor of 2571 and 1176281349?
2571
What is the highest common divisor of 5612 and 66978?
122
Calculate the highest common factor of 481655415 and 190.
95
What is the highest common factor of 47571 and 469587?
471
Calculate the greatest common factor of 4 and 13244038.
2
What is the greatest common divisor of 24 and 11555704?
8
Calculate the highest common divisor of 254562450 and 120.
30
What is the greatest common divisor of 8507422 and 7574?
14
What is the highest common factor of 578101135 and 37?
37
Calculate the greatest common divisor of 685202 and 27064.
34
Calculate the highest common factor of 795 and 12411010.
265
Calculate the highest common divisor of 6 and 6717738.
6
Calculate the greatest common divisor of 88368081 and 8371.
761
Calculate the greatest common divisor of 1878 and 11566.
2
Calculate the highest common factor of 114 and 104430.
6
Calculate the highest common divisor of 2523 and 6868447.
841
What is the highest common factor of 101290607 and 187?
187
What is the highest common divisor of 92520 and 2420683?
257
What is the highest common divisor of 956286 and 810?
162
Calculate the highest common factor of 34433014 and 96866.
5698
What is the greatest common divisor of 2774 and 1060408658?
2774
Calculate the highest common factor of 4111575 and 7635.
15
Calculate the highest common di